6615976 is divided by 35005?
31
What is the remainder when 329987 is divided by 7003?
846
Calculate the remainder when 258316954 is divided by 2536.
2530
What is the remainder when 20045242 is divided by 38?
14
What is the remainder when 32225 is divided by 774?
491
Calculate the remainder when 379107 is divided by 379071.
36
Calculate the remainder when 1936591 is divided by 426.
421
Calculate the remainder when 704192 is divided by 488.
8
Calculate the remainder when 57977 is divided by 57802.
175
What is the remainder when 58298 is divided by 532?
310
What is the remainder when 89393 is divided by 9654?
2507
What is the remainder when 112069 is divided by 1368?
1261
Calculate the remainder when 5232403 is divided by 1136.
1123
What is the remainder when 16414798 is divided by 60?
58
Calculate the remainder when 110597 is divided by 24.
5
What is the remainder when 26627356 is divided by 2888?
2884
What is the remainder when 4550964 is divided by 116691?
15
What is the remainder when 11281028 is divided by 56?
52
Calculate the remainder when 608848 is divided by 410.
408
Calculate the remainder when 1452738 is divided by 207.
12
Calculate the remainder when 76032 is divided by 303.
282
What is the remainder when 32904 is divided by 301?
95
What is the remainder when 17814387 is divided by 51?
36
What is the remainder when 23570 is divided by 23407?
163
What is the remainder when 23120744 is divided by 24059?
45
Calculate the remainder when 129412 is divided by 1053.
946
Calculate the remainder when 18710361 is divided by 13355.
6
Calculate the remainder when 335835 is divided by 1204.
1123
Calculate the remainder when 4978623 is divided by 171676.
19
Calculate the remainder when 13607895 is divided by 2863.
56
What is the remainder when 19825 is divided by 16877?
2948
What is the remainder when 35209382 is divided by 183?
182
Calculate the remainder when 22781078 is divided by 3564.
3554
Calculate the remainder when 63988317 is divided by 31994151.
15
Calculate the remainder when 22381020 is divided by 2941.
10
Calculate the remainder when 687284 is divided by 1361.
1340
Calculate the remainder when 558958 is divided by 186275.
133
Calculate the remainder when 144786 is divided by 72352.
82
Calculate the remainder when 118724 is divided by 747.
698
What is the remainder when 1476574 is divided by 1476564?
10
Calculate the remainder when 58413 is divided by 2652.
69
Calculate the remainder when 39319 is divided by 1070.
799
What is the remainder when 5798741 is divided by 1042?
11
Calculate the remainder when 132421 is divided by 25.
21
What is the remainder when 8509818 is divided by 591?
9
What is the remainder when 14376406 is divided by 179?
21
Calculate the remainder when 19093128 is divided by 950.
28
Calculate the remainder when 46507251 is divided by 433.
20
Calculate the remainder when 22939838 is divided by 6.
2
Calculate the remainder when 17112538 is divided by 83.
13
What is the remainder when 4698754 is divided by 49?
46
Calculate the remainder when 17404 is divided by 94.
14
What is the remainder when 24814947 is divided by 926?
925
Calculate the remainder when 5718152 is divided by 343.
342
What is the remainder when 8842303 is divided by 645?
643
What is the remainder when 448147 is divided by 4923?
154
Calculate the remainder when 45005 is divided by 10646.
2421
Calculate the remainder when 3056412 is divided by 2771.
2770
Calculate the remainder when 638445 is divided by 6.
3
What is the remainder when 163296 is divided by 23295?
231
What is the remainder when 399860277 is divided by 1893?
1887
Calculate the remainder when 240794 is divided by 115.
99
Calculate the remainder when 5499 is divided by 1044.
279
What is the remainder when 3402372 is divided by 34718?
8
Calculate the remainder when 10710494 is divided by 973681.
3
Calculate the remainder when 1201971 is divided by 15610.
1
Calculate the remainder when 136477 is divided by 9089.
142
Calculate the remainder when 597090033 is divided by 9433.
9432
Calculate the remainder when 92377 is divided by 262.
153
Calculate the remainder when 839387 is divided by 119909.
24
What is the remainder when 2364209 is divided by 212?
197
What is the remainder when 18450954 is divided by 1320?
1314
Calculate the remainder when 60866 is divided by 5468.
718
Calculate the remainder when 9060 is divided by 1224.
492
What is the remainder when 318044 is divided by 982?
858
Calculate the remainder when 3873299 is divided by 196.
143
What is the remainder when 56522 is divided by 6274?
56
What is the remainder when 514217 is divided by 446?
425
What is the remainder when 11667297 is divided by 25?
22
Calculate the remainder when 2523605 is divided by 209.
139
What is the remainder when 11613867 is divided by 575?
17
Calculate the remainder when 503910 is divided by 125870.
430
Calculate the remainder when 286360 is divided by 389.
56
Calculate the remainder when 2368821 is divided by 10866.
33
What is the remainder when 3802728 is divided by 266?
258
What is the remainder when 27477 is divided by 6795?
297
What is the remainder when 304261 is divided by 3272?
3237
What is the remainder when 663530158 is divided by 1520?
1518
What is the remainder when 39278499 is divided by 43546?
7
What is the remainder when 116279 is divided by 7748?
59
Calculate the remainder when 109623 is divided by 21627.
1488
Calculate the remainder when 167005 is divided by 8951.
5887
Calculate the remainder when 19445 is divided by 809.
29
Calculate the remainder when 6704902 is divided by 356.
354
Calculate the remainder when 5435214 is divided by 5.
4
What is the remainder when 296834 is divided by 177?
5
What is the remainder when 34504222 is divided by 2338?
18
What is the remainder when 2809053 is divided by 16423?
720
What is the remainder when 435948 is divided by 215170?
5608
What is the remainder when 16066328 is divided by 407?
3
What is the remainder when 12962842 is divided by 12962841?
1
Calculate the remainder when 28829 is divided by 1778.
381
Calculate the remainder when 705498 is divided by 12598.
10
Calculate the remainder when 5036458 is divided by 2281.
10
What is the remainder when 2944332 is divided by 448?
76
What is the remainder when 4991442 is divided by 62?
8
Calculate the remainder when 416266 is divided by 172.
26
What is the remainder when 62388 is divided by 62225?
163
Calculate the remainder when 324910 is divided by 569.
11
What is the remainder when 19197791 is divided by 344?
183
What is the remainder when 4216803 is divided by 49?
10
Calculate the remainder when 2929241 is divided by 3153.
104
Calculate the remainder when 9016 is divided by 4398.
220
What is the remainder when 2296166 is divided by 22511?
44
What is the remainder when 11611956 is divided by 751?
745
What is the remainder when 5317881 is divided by 13328?
9
What is the remainder when 2761201 is divided by 12666?
13
What is the remainder when 52277931 is divided by 77?
13
What is the remainder when 37297175 is divided by 20?
15
What is the remainder when 9508318 is divided by 1860?
1858
What is the remainder when 725352 is divided by 197?
195
What is the remainder when 1607682 is divided by 1607105?
577
Calculate the remainder when 469334 is divided by 116914.
1678
What is the remainder when 802201 is divided by 198467?
8333
Calculate the remainder when 23613526 is divided by 11806751.
24
Calculate the remainder when 109774708 is divided by 54887350.
8
What is the remainder when 10147167 is divided by 1643?
1642
Calculate the remainder when 50803 is divided by 24398.
2007
What is the remainder when 8429683 is divided by 236?
235
Calculate the remainder when 1294022 is divided by 184858.
16
What is the remainder when 2325482 is divided by 47453?
285
Calculate the remainder when 12256 is divided by 4427.
3402
What is the remainder when 7012019 is divided by 500858?
7
What is the remainder when 53014894 is divided by 14481?
14434
Calculate the remainder when 1088539 is divided by 271963.
687
Calculate the remainder when 59137999 is divided by 84.
67
Calculate the remainder when 3091365 is divided by 24.
21
Calculate the remainder when 60714 is divided by 493.
75
What is the remainder when 225283137 is divided b